**3 - 7*k**2 - 8*k - 43. Determine t(-7).
13
Let i(g) = g**2 - 12*g + 31. What is i(4)?
-1
Let s(m) = m**2 - 6*m - 1. Give s(8).
15
Let b(j) = -2*j**2 - 16*j + 4. What is b(-10)?
-36
Let y(k) = -3*k + 34. Determine y(10).
4
Let y(p) = p + 13. What is y(-9)?
4
Let o(r) = r**3 + 24*r**2 - 27*r - 67. What is o(-25)?
-17
Let w(n) = 2*n**2 - 32*n + 18. What is w(15)?
-12
Let h(n) = 20*n**2 - 5*n + 4. Determine h(1).
19
Let b(x) = x**2 - 24*x + 148. Determine b(11).
5
Let t(b) = -b. Give t(0).
0
Let h(z) = 37*z - 36. What is h(3)?
75
Let m(y) = y**3 - y**2 + 4*y + 18. Calculate m(6).
222
Let m(s) = 4*s**2 - 7*s - 1. What is m(7)?
146
Let f(c) = -c**2 - 11*c - 13. What is f(-9)?
5
Let u(d) = -53*d**2 + 3*d - 4. What is u(1)?
-54
Let i(a) = -a + 6. What is i(8)?
-2
Let x(g) = -6*g + 35. Give x(5).
5
Let d(s) = s - 7. What is d(-6)?
-13
Let x(p) = -33*p + 553. Determine x(17).
-8
Let l(j) = j**3 + 8*j**2 + 11*j - 8. Calculate l(-6).
-2
Let z(g) = g**2 + 16*g + 16. Give z(-1).
1
Let r(i) = -2*i**3 + 125*i**2 - 61*i - 60. What is r(62)?
2
Let a(v) = -3*v**2 - 3*v. Calculate a(-2).
-6
Let a(d) = d**2 - 7*d + 3. Give a(6).
-3
Let n(r) = -r**2 - 19*r - 55. What is n(-12)?
29
Let h(p) = p**3 + 9*p**2 + 7*p + 8. What is h(-9)?
-55
Let r(t) = -t**3 - 17*t**2 - 33*t - 39. Give r(-15).
6
Let o(k) = -55*k - 20. What is o(-1)?
35
Let v(f) = -6*f**2 - f + 12. What is v(-2)?
-10
Let c(g) = g**2 + 11*g + 29. Calculate c(-3).
5
Let h(l) = -l**3 + 7*l**2 - 3*l + 2. Calculate h(6).
20
Let a(c) = 18*c + 13. Determine a(6).
121
Let l(y) = -5*y - 78. Determine l(-11).
-23
Let z(s) = -25*s**3 + 2*s**2 + s - 1. Determine z(-1).
25
Let p(u) = u**3 + 9*u**2 + 10*u + 12. Give p(-9).
-78
Let t(i) = 8*i + 5. Determine t(-6).
-43
Let g(t) = t**2 + 8*t + 19. Calculate g(-4).
3
Let m(x) = x**3 + 9*x**2 - 6*x - 18. What is m(-9)?
36
Let z(u) = -u - 4. What is z(-2)?
-2
Let f(a) = -a**3 - 8*a**2 + 7*a - 30. Determine f(-9).
-12
Let g(f) = f**2 + 3*f - 2. Determine g(-5).
8
Let h(t) = 3*t**2 - 18*t + 21. What is h(6)?
21
Let c(d) = -36*d**2 - 3. Calculate c(-1).
-39
Let m(t) = 3*t**3 + 6*t**2 - 44*t. Determine m(-5).
-5
Let b(k) = 2*k**3 - 68*k**2 - 2*k + 81. Calculate b(34).
13
Let o(j) = j**3 + 13*j**2 + j + 4. Calculate o(-13).
-9
Let r(g) = -10*g - 2. Determine r(-4).
38
Let q(c) = -2*c**2 + 24*c + 40. What is q(13)?
14
Let n(z) = -z**2 + 16*z + 4. Determine n(7).
67
Let g(v) = -v**2 + 19*v - 1. What is g(19)?
-1
Let a(d) = d**3 - 3*d**2 - 3*d - 6. Determine a(4).
-2
Let u(n) = n**3 - 9*n**2 - n - 2. Determine u(8).
-74
Let t(m) = m**2 - 8*m. Determine t(10).
20
Let v(b) = 154*b + 776. Give v(-5).
6
Let x(r) = r**2 + 5*r - 46. Give x(9).
80
Let z(b) = 2*b**2 + 14*b - 122. Calculate z(-12).
-2
Let h(u) = -3*u - 16. Give h(-11).
17
Let y(m) = 15*m - 510. Calculate y(33).
-15
Let x(j) = -j**2 + 25*j + 1. What is x(24)?
25
Let i(r) = r**2 + 10*r + 16. Calculate i(-9).
7
Let q(w) = -w**2 + 7*w + 6. Calculate q(5).
16
Let j(u) = -u**3 + 11*u**2 + 59*u + 13. Determine j(15).
-2
Let i(p) = -9*p + 5. Calculate i(-4).
41
Let r(q) = -q**3 + 24*q**2 - 44*q + 2. Give r(22).
2
Let t(n) = n**3 + n**2 - 7*n + 1. Give t(-5).
-64
Let u(a) = -2*a + 11. Give u(-8).
27
Let p(a) = -7*a - 75. What is p(-11)?
2
Let z(m) = -m**2 - 11*m + 6. What is z(-10)?
16
Let a(n) = -9*n**2 - 9*n - 2. Determine a(-4).
-110
Let c(i) = -i + 12. What is c(18)?
-6
Let c(l) = 2*l**3 - 13*l**2 - 2*l - 14. What is c(7)?
21
Let l(d) = -26*d - 233. Calculate l(-9).
1
Let q(u) = 4*u + 70. Determine q(-18).
-2
Let v(t) = -7*t + 73. Calculate v(11).
-4
Let u(i) = 87*i - 2. What is u(1)?
85
Let r(d) = 3*d + 21. Determine r(-10).
-9
Let y(b) = -b**3 + 10*b**2 - 11*b + 5. Determine y(9).
-13
Let p(g) = -4*g + 12. Give p(2).
4
Let c(g) = -4*g - 12. Give c(5).
-32
Let b(z) = -13*z - 278. Calculate b(-21).
-5
Let j(i) = -7*i + 65. Give j(10).
-5
Let h(d) = d**2 + 11*d - 4. Determine h(-12).
8
Let p(t) = -t**3 + 8*t + 48. Determine p(-5).
133
Let v(y) = -y**2 + 13*y - 11. What is v(10)?
19
Let y(l) = -l**2 - 4*l - 13. Calculate y(7).
-90
Let v(c) = -8*c + 28. Give v(3).
4
Let h(s) = 26*s - 18. Determine h(3).
60
Let x(h) = h. Determine x(-30).
-30
Let h(t) = t**3 - 10*t**2 + 23*t - 1. Calculate h(5).
-11
Let w(u) = u**3 - 9*u**2 + 2*u + 10. Determine w(9).
28
Let i(y) = 12*y**3 - 2*y**2 + 2*y - 1. What is i(1)?
11
Let y(s) = -s**2 + 9*s + 67. Calculate y(13).
15
Let t(l) = -l**2 - 32*l - 167. What is t(-6)?
-11
Let u(k) = k**3 - 6*k**2 - 2*k + 4. Calculate u(2).
-16
Let h(j) = -2*j**2 - 16*j + 4. Determine h(-7).
18
Let i(t) = t + 4. Determine i(2).
6
Let m(c) = c**2 - 5*c + 16. What is m(8)?
40
Let s(y) = y**3 + 6*y**2 - 22*y - 51. Calculate s(-8).
-3
Let m(s) = s**3 - 18*s**2 + 2*s - 23. Give m(18).
13
Let v(l) = 2*l**2 + 21*l + 47. Determine v(-8).
7
Let a(w) = 36*w - 1003. What is a(28)?
5
Let y(t) = -6*t - 12. Give y(-6).
24
Let x(y) = -2*y**2 - 4*y - 7. Calculate x(-3).
-13
Let f(g) = 33*g + 1. Determine f(-4).
-131
Let g(z) = -2*z**3 + 119*z**2 - 60*z + 52. What is g(59)?
-7
Let z(v) = -4*v - 61. Determine z(7).
-89
Let t(d) = d**2 + 8*d + 4. Determine t(-4).
-12
Let f(d) = d**3 + 4*d**2 - d - 10. Determine f(-3).
2
Let z(t) = t**3 - 15*t**2 + 11*t + 34. What is z(14)?
-8
Let f(i) = 23*i - 114. Determine f(5).
1
Let c(k) = k**2 - 13*k - 331. Calculate c(-13).
7
Let i(a) = a**3 + a - 36. Determine i(0).
-36
Let y(g) = g**3 - 5*g**2 + 2*g - 1. Calculate y(4).
-9
Let p(z) = -z**3 - 16*z**2 - z + 13. What is p(-16)?
29
Let k(y) = 6*y - 20. Calculate k(-6).
-56
Let b(z) = 2*z**3 + 6*z**2 + 5*z - 5. Calculate b(-3).
-20
Let x(h) = 15*h. Give x(-1).
-15
Let d(g) = -g**3 + 5*g**2 - g - 2. Calculate d(2).
8
Let k(h) = -h**2 + h. What is k(-2)?
-6
Let o(r) = 46*r + 1. Give o(1).
47
Let w(m) = 11*m**2 + m + 5. Calculate w(3).
107
Let o(q) = 13*q + 84. What is o(-6)?
6
Let i(f) = -3*f + 43. Give i(15).
-2
Let w(o) = -o**3 - 15*o**2 + 16*o - 5. Calculate w(-16).
-5
Let m(b) = -b**3 - 3*b**2 + 3*b - 4. What is m(-4)?
0
Let w(r) = -r**3 + 29*r**2 - 27*r - 20. Give w(28).
8
Let u(b) = b**3 + 7*b**2 - 3*b + 4. Calculate u(-7).
25
Let g(f) = f**3 - 23*f**2 - 49*f - 19. Calculate g(25).
6
Let q(b) = -2*b**2 + 3*b + 1. Give q(-2).
-13
Let w(i) = 78*i**2 + 4*i + 5. Calculate w(-1).
79
Let b(v) = -v**3 - v**2 + 26. Determine b(0).
26
Let y(m) = -m**3 + 18*m**2 + 18*m - 2. Determine y(19).
-21
Let g(z) = -19*z**3 - z**2 + 1. What is g(-1)?
19
Let a(g) = -g + 16. Calculate a(11).
5
Let g(o) = 3*o**2 + 9*o - 396. Determine g(-13).
-6
Let d(y) = -4*y + 2. Give d(6).
-22
Let n(v) = v**3 + 5*v**2 + 4*v - 7. Determine n(-5).
-27
Let i(o) = -2*o - 15. What is i(-15)?
15
Let r(u) = -8*u + 43. Calculate r(9).
-29
Let d(c) = c**2 - 7*c + 4. What is d(6)?
-2
Let g(f) = f**2 - 11*f + 1. What is g(11)?
1
Let l(i) = -i**3 + 9*i**2 + 18*i + 19. Calculate l(11).
-25
Let t(p) = -13*p - 12. What is t(-1)?
1
Let m(u) = 8*u + 14. Give m(5).
54
Let v(k) = k**2 + 5*k - 54. Determine v(-10).
-4
Let v(i) = -i**2 + 4*i + 2. Determine v(3).
5
Let i(n) = n**3 + 18*n**2 + 22*n + 85. Determine i(-17).
0
Let b(o) = o**2 - 10*o + 8. Determine b(8).
-8
Let q(z) = -z**2 - z + 38. Determine q(0).
38
Let f(o) = -o**3 + 7*o**2 + 12*o - 11. Determine f(8).
21
Let l(f) = -f**3 + 14*f**2 + 12*f + 34. What is l(15)?
-11
Let c(d) = 11*d**3 - d**2 + 1. What is c(1)?
11
Let w(a) = -2*a**2 - 3*a + 13. Determine w(-5).
-22
Let n(y) = -10*y + 49. Calculate n(3).
19
Let p(f) = -2*f**3 - 16*f**2 - 15*f + 4. Calculate p(-7).
11
Let g(y) = -y**2 - y + 3. Determine g(-2).
1
Let h(f) = f**3 + 7*f**2 + 8*f - 4. Determine h(-6).
-16
Let y(v) = 3*v**3 + v**2 - 5*v - 5. Determine y(-3).
-62
Let c(h) = 7*h - 319. Determine c(46).
3
Let g(a) = -a**2 - 18*a + 22. Calculate g(-20).
-18
Let m(i) = i**2 - 26*i - 33. Determine m(26).
-33
Let p(f) = 37*f**3 + f**2. What is p(-1)?
-36
Let p(l) = l**3 - l**2 + 32*l - 27. Give p(0).
-27
Let q(y) = 2*y - 42. Determine q(5).
-32
Let w(a) = -a**3 - 3*a**2 + 5*a + 1. Determine w(-5).
26
Let s(k) = k**2 - 8*k + 32. Calculate s(0).
32
Let c(u) = -5*u - 158. What is c(-31)?
-3
Let j(h) = -h**3 - 17*h**2 + 18*h + 43. Give j(-18).
43
Let h(v) = -6*v**2 - 270*v - 17. Give h(-45).
-17
Let j(o) = -2*o**2 - 14*o + 4. What is j(-5)?
24
Let o(g) = -8*g - 152. What is o(-17)?
-16